mposite?
False
Is 79069 a prime number?
False
Is 310367 composite?
True
Is 1214743 a composite number?
False
Is 16033 prime?
True
Is 175327 prime?
True
Is 189381 a composite number?
True
Is 169997 a composite number?
True
Is 80651 prime?
True
Is 92269 a prime number?
True
Is 1579 prime?
True
Is 54079 composite?
True
Is 24989 composite?
False
Is 2244314 composite?
True
Is 2939 a prime number?
True
Is 4466069 a composite number?
False
Is 22213 prime?
False
Is 11443 a composite number?
False
Is 15874 composite?
True
Is 471857 a composite number?
True
Is 1477 a prime number?
False
Is 158777 a composite number?
False
Is 144553 a composite number?
True
Is 4135 composite?
True
Is 93361 prime?
False
Is 38543 prime?
True
Is 27941 prime?
True
Is 165193 a prime number?
False
Is 232178 composite?
True
Is 24191 composite?
True
Is 1031 a composite number?
False
Is 28841 composite?
True
Is 62273 prime?
True
Is 460531 a composite number?
False
Is 96191 prime?
False
Is 122651 composite?
False
Is 183847 a prime number?
False
Is 8728105 a composite number?
True
Is 26759 a composite number?
False
Is 345095 prime?
False
Is 14377 a prime number?
False
Is 41793 composite?
True
Is 412249 a prime number?
True
Is 97829 a prime number?
True
Is 32063 prime?
True
Is 12517 a composite number?
False
Is 429061 a prime number?
False
Is 625145 prime?
False
Is 22531 a prime number?
True
Is 899 a prime number?
False
Is 19011 composite?
True
Is 313861 composite?
True
Is 159287 prime?
True
Is 38717 a composite number?
True
Is 58885 prime?
False
Is 186947 composite?
False
Is 113459 a prime number?
False
Is 8329 prime?
True
Is 15857 prime?
False
Is 49739 prime?
True
Is 18499 a composite number?
True
Is 66293 a prime number?
True
Is 9719 a composite number?
False
Is 305755 composite?
True
Is 113453 prime?
True
Is 247354 prime?
False
Is 4391 composite?
False
Is 63287 a prime number?
False
Is 44017 prime?
True
Is 1361 composite?
False
Is 147713 composite?
True
Is 1742809 composite?
False
Is 5923 a prime number?
True
Is 558683 composite?
False
Is 6439 composite?
True
Is 386279 a prime number?
True
Is 51109 composite?
False
Is 424721 a composite number?
True
Is 72717 a composite number?
True
Is 388757 a composite number?
False
Is 3409 a prime number?
False
Is 3257341 prime?
False
Is 43661 prime?
True
Is 48967 a composite number?
True
Is 100622 a prime number?
False
Is 228757 prime?
True
Is 202471 a prime number?
True
Is 19279 a prime number?
False
Is 51929 prime?
True
Is 541 composite?
False
Is 3629 a composite number?
True
Is 334999 composite?
True
Is 1021019 a composite number?
False
Is 42429 a composite number?
True
Is 4955 a composite number?
True
Is 96251 prime?
False
Is 49319 a prime number?
False
Is 1364741 composite?
True
Is 34987 prime?
False
Is 121 a prime number?
False
Is 24551 a composite number?
False
Is 751 a prime number?
True
Is 128743 composite?
True
Is 3037 prime?
True
Is 53513 a composite number?
True
Is 964417 a composite number?
False
Is 105377 composite?
True
Is 112031 composite?
False
Is 41177 composite?
False
Is 9587 composite?
False
Is 697687 a prime number?
True
Is 29473 a prime number?
True
Is 26123 a composite number?
True
Is 374557 a prime number?
True
Is 6421 prime?
True
Is 2467 a composite number?
False
Is 10939 prime?
True
Is 5077 composite?
False
Is 206147 prime?
False
Is 12399 prime?
False
Is 195983 a prime number?
False
Is 292909 composite?
False
Is 51311 prime?
False
Is 18527 composite?
True
Is 13859 a composite number?
False
Is 131543 composite?
False
Is 1657 composite?
False
Is 379909 composite?
False
Is 36965 a prime number?
False
Is 3353 composite?
True
Is 230591 composite?
True
Is 16561 a composite number?
False
Is 315031 composite?
True
Is 19967 composite?
True
Is 129341 composite?
False
Is 55021 prime?
True
Is 156091 a composite number?
True
Is 9094 composite?
True
Is 27227 composite?
True
Is 49291 a prime number?
False
Is 1243642 composite?
True
Is 1243195 prime?
False
Is 689363 composite?
True
Is 61135 a prime number?
False
Is 117281 a prime number?
True
Is 558359 a prime number?
False
Is 3079 a composite number?
False
Is 143421 prime?
False
Is 936542 prime?
False
Is 56011 a prime number?
False
Is 4464133 a prime number?
True
Is 2771 a prime number?
False
Is 25717 prime?
True
Is 404573 a composite number?
True
Is 20101 prime?
True
Is 50191 a prime number?
False
Is 20021 a composite number?
False
Is 14369 prime?
True
Is 791 prime?
False
Is 405913 a composite number?
True
Is 202479 a composite number?
True
Is 67261 a composite number?
False
Is 374249 a composite number?
True
Is 18591 prime?
False
Is 460547 composite?
True
Is 260605 composite?
True
Is 189109 a composite number?
True
Is 85331 composite?
False
Is 16127 a prime number?
True
Is 61813 a prime number?
True
Is 90163 composite?
False
Is 5519 prime?
True
Is 6637 a composite number?
False
Is 13517 a prime number?
False
Is 409 a composite number?
False
Is 40417 composite?
True
Is 27091 prime?
True
Is 7997 composite?
True
Is 104477 prime?
False
Is 25427 composite?
True
Is 57649 prime?
True
Is 1861909 a prime number?
False
Is 528397 a prime number?
False
Is 8207 prime?
False
Is 21787 a composite number?
False
Is 148173 prime?
False
Is 621359 a prime number?
True
Is 89653 a prime number?
True
Is 440099 prime?
False
Is 103189 prime?
False
Is 14997 a composite number?
True
Is 197441 prime?
True
Is 1337 composite?
True
Is 68683 a prime number?
True
Is 32557 a prime number?
False
Is 135389 composite?
False
Is 121883 a prime number?
True
Is 460531 a prime number?
True
Is 56767 a composite number?
False
Is 194765 prime?
False
Is 38765 a prime number?
False
Is 10883 composite?
False
Is 4643 a composite number?
False
Is 4937 composite?
False
Is 72361 prime?
False
Is 88118 composite?
True
Is 206 composite?
True
Is 89949 composite?
True
Is 19733 a prime number?
False
Is 12471 prime?
False
Is 6521 a prime number?
True
Is 429713 a composite number?
True
Is 43733 a composite number?
True
Is 149759 a composite number?
False
Is 34693 composite?
False
Is 5147 a composite number?
False
Is 26669 prime?
True
Is 1302691 a composite number?
True
Is 52993 a composite number?
True
Is 41273 a prime number?
False
Is 17165 a prime number?
False
Is 263881 a prime number?
True
Is 19121 composite?
False
Is 33541 prime?
False
Is 14591 prime?
True
Is 1293739 a prime number?
True
Is 182159 a composite number?
False
Is 6899 a prime number?
True
Is 11611 prime?
False
Is 12077 a composite number?
True
Is 58709 prime?
False
Is 16559 a composite number?
True
Is 68669 composite?
False
Is 7849 composite?
True
Is 42611 a prime number?
True
Is 1267223 prime?
True
Is 11731 composite?
False
Is 1597 a composite number?
False
Is 209431 composite?
False
Is 315851 a composite number?
False
Is 989797 prime?
True
Is 692931 prime?
False
Is 41887 prime?
True
Is 24659 composite?
False
Is 139585 a composite number?
True
Is 1399 a composite number?
False
Is 4209271 composite?
True
Is 1301315 a composite number?
True
Is 846085 a prime number?
False
Is 1685 a prime number?
False
Is 49934 composite?
True
Is 35769 composite?
True
Is 1178087 prime?
True
Is 347177 a composite number?
False
Is 22853 a prime number?
True
Is 96847 prime?
True
Is 5557 a prime number?
True
Is 282215 composite?
True
Is 10777 composite?
True
Is 857281 prime?
True
Is 1174879 composite?
False
Is 11113 prime?
True
Is 70333 composite?
True
Is 5033 composite?
True
Is 13751 a prime number?
True
Is 95491 a prime number?
False
Is 31883 composite?
False
Is 723353 a composite number?
False
Is 21647 a prime number?
True
Is 1337 prime?
False
Is 572221 a prime number?
False
Is 346013 prime?
True
Is 3641 composite?
True
Is 9239 a prime number?
True
Is 6287 composite?
False
Is 538883 composite?
True
Is 61733 a composite number?
True
Is 583069 prime?
True
Is 24251 prime?
True
Is 178091 prime?
True
Is 1682329 a composite number?
True
Is 5749 composite?
False
Is 1803727 composite?
True
Is 58291 a composite number?
True
Is 343891 a composite number?
False
Is 46967 a prime number?
False
Is 184762 a prime number?
False
Is 162007 a composite number?
False
Is 5212959 a prime number?
False
Is 22189 a prime number?
True
Is 4441945 a prime number?
False
Is 26597 a prime number?
True
Is 56249 comp